{"id":60,"date":"2013-04-11T15:33:57","date_gmt":"2013-04-11T14:33:57","guid":{"rendered":"http:\/\/hdavia.fr\/?page_id=60"},"modified":"2013-04-11T20:52:02","modified_gmt":"2013-04-11T19:52:02","slug":"aerotag","status":"publish","type":"page","link":"http:\/\/hdavia.fr\/?page_id=60","title":{"rendered":"AEROtag"},"content":{"rendered":"<p align=\"center\"><b>AEROtag<\/b><b><\/b><\/p>\n<p>&nbsp;<\/p>\n<p><b>AEROtag<\/b>\u00a0est un logiciel de g\u00e9n\u00e9ration\u00a0<b>DataMatrix\u00ae<\/b>, d\u00e9velopp\u00e9 pour notre aviation g\u00e9n\u00e9rale et plus particuli\u00e8rement pour le constructeur amateur.<\/p>\n<p>Pourquoi le constructeur amateur ? et bien apr\u00e8s une journ\u00e9e au\u00a0<b><i>Salon de l\u2019ULM \u00e0\u00a0Blois,\u00a0<\/i><\/b>je me suis rendu compte que le nombre de questions technique pos\u00e9es \u00e0 ceux qui avaient d\u00e9j\u00e0 fini leur avion \u00e9tait \u00e9norme.<\/p>\n<p>Alors c\u2019est quoi\u00a0<b>AEROtag\u00a0<\/b>?<\/p>\n<ul>\n<li>Vous \u00eates propri\u00e9taire d\u2019un avion, ulm ?<\/li>\n<li>Vous avez un site web de la construction de votre avion<\/li>\n<li>Vous avez un t\u00e9l\u00e9phone portable (ex iPhone)<\/li>\n<\/ul>\n<p>Alors il vous faut seulement le logiciel<b>\u00a0AEROtag\u00a0<\/b>pour g\u00e9n\u00e9rer les TAG et les appliquer sur votre avion.Ainsi une personne qui scannera \u00ab\u00a0admettons le capot moteur\u00a0\u00bb visualisera le d\u00e9roulement de la construction de cette pi\u00e8ce.<\/p>\n<p>&nbsp;<\/p>\n<p><a href=\"http:\/\/hdavia.fr\/wp-content\/uploads\/2013\/04\/AEROTAGMENU.jpg\"><img decoding=\"async\" loading=\"lazy\" class=\"aligncenter size-medium wp-image-61\" alt=\"AEROTAGMENU\" src=\"http:\/\/hdavia.fr\/wp-content\/uploads\/2013\/04\/AEROTAGMENU-500x319.jpg\" width=\"500\" height=\"319\" srcset=\"http:\/\/hdavia.fr\/wp-content\/uploads\/2013\/04\/AEROTAGMENU-500x319.jpg 500w, http:\/\/hdavia.fr\/wp-content\/uploads\/2013\/04\/AEROTAGMENU.jpg 651w\" sizes=\"(max-width: 500px) 100vw, 500px\" \/><\/a><\/p>\n<p>&nbsp;<\/p>\n<p>&nbsp;<\/p>\n<p align=\"center\"><b>\u00ab\u00a0<\/b><b><i>le but est simple ! Avoir en temps r\u00e9el la construction en image et l\u2019avion devant soi\u00a0<\/i><\/b><b>\u00ab\u00a0<\/b><b><\/b><\/p>\n<p>&nbsp;<\/p>\n<p>Alors comment faire ?<\/p>\n<p>Tr\u00e8s simple il faut un t\u00e9l\u00e9phone (ex: iPhone\u00a9) et le logiciel\u00a0<b>AEROtag,\u00a0<\/b>une fois install\u00e9 sur votre PC \u00a0il ne\u00a0\u00a0reste plus qu\u2019a entrer les donn\u00e9es adresse web, nom, alors un num\u00e9ro est g\u00e9n\u00e9r\u00e9 \u00a0avec les tags, \u00a0les imprimer ensuite\u00a0sur du papier autocollant*.<\/p>\n<p>Petit exemple de collage :<\/p>\n<ul>\n<li>Capot moteur<\/li>\n<li>Tableau de bord<\/li>\n<li>D\u00e9rive<\/li>\n<li>Aileron<\/li>\n<li>Winglet<\/li>\n<li>Etc\u2026<\/li>\n<\/ul>\n<p>*Les stickers peuvent recevoir une couche de fixateur ou verni<\/p>\n<p align=\"center\">Exemple de sticker large ou simple<\/p>\n<p align=\"center\"><a href=\"http:\/\/hdavia.fr\/wp-content\/uploads\/2013\/04\/STICKERS.jpg\"><img decoding=\"async\" loading=\"lazy\" class=\"aligncenter size-full wp-image-62\" alt=\"STICKERS\" src=\"http:\/\/hdavia.fr\/wp-content\/uploads\/2013\/04\/STICKERS.jpg\" width=\"500\" height=\"500\" srcset=\"http:\/\/hdavia.fr\/wp-content\/uploads\/2013\/04\/STICKERS.jpg 500w, http:\/\/hdavia.fr\/wp-content\/uploads\/2013\/04\/STICKERS-150x150.jpg 150w\" sizes=\"(max-width: 500px) 100vw, 500px\" \/><\/a><\/p>\n<div id=\"themify_builder_content-60\" data-postid=\"60\" class=\"themify_builder_content themify_builder_content-60 themify_builder themify_builder_front\">\n\n\t<\/div>\n<!-- \/themify_builder_content -->","protected":false},"excerpt":{"rendered":"<p>AEROtag &nbsp; AEROtag\u00a0est un logiciel de g\u00e9n\u00e9ration\u00a0DataMatrix\u00ae, d\u00e9velopp\u00e9 pour notre aviation g\u00e9n\u00e9rale et plus particuli\u00e8rement pour le constructeur amateur. Pourquoi le constructeur amateur ? et bien apr\u00e8s une journ\u00e9e au\u00a0Salon de l\u2019ULM \u00e0\u00a0Blois,\u00a0je me suis rendu compte que le nombre de questions technique pos\u00e9es \u00e0 ceux qui avaient d\u00e9j\u00e0 fini leur avion \u00e9tait \u00e9norme. Alors [&hellip;]<\/p>\n","protected":false},"author":1,"featured_media":0,"parent":0,"menu_order":0,"comment_status":"open","ping_status":"open","template":"","meta":[],"_links":{"self":[{"href":"http:\/\/hdavia.fr\/index.php?rest_route=\/wp\/v2\/pages\/60"}],"collection":[{"href":"http:\/\/hdavia.fr\/index.php?rest_route=\/wp\/v2\/pages"}],"about":[{"href":"http:\/\/hdavia.fr\/index.php?rest_route=\/wp\/v2\/types\/page"}],"author":[{"embeddable":true,"href":"http:\/\/hdavia.fr\/index.php?rest_route=\/wp\/v2\/users\/1"}],"replies":[{"embeddable":true,"href":"http:\/\/hdavia.fr\/index.php?rest_route=%2Fwp%2Fv2%2Fcomments&post=60"}],"version-history":[{"count":3,"href":"http:\/\/hdavia.fr\/index.php?rest_route=\/wp\/v2\/pages\/60\/revisions"}],"predecessor-version":[{"id":191,"href":"http:\/\/hdavia.fr\/index.php?rest_route=\/wp\/v2\/pages\/60\/revisions\/191"}],"wp:attachment":[{"href":"http:\/\/hdavia.fr\/index.php?rest_route=%2Fwp%2Fv2%2Fmedia&parent=60"}],"curies":[{"name":"wp","href":"https:\/\/api.w.org\/{rel}","templated":true}]}}